(-4 + -1)?
11
What is (8 - (21 + 0)) + (4 - -5)?
-4
60 + -4 + -40 + (-42 - 16)
-42
(-43 - 3) + 54 - -14
22
Evaluate -3 + ((-24 - -3) + 15 - (5 - -35)).
-49
What is 28 + -8 + -103 - (9 + 3) - 1?
-96
Calculate -252 - -283 - (1 - -70).
-40
Evaluate -2 + -7 - ((21 - 0 - 3) + -181 + 143).
11
-264 + 351 + (-141 - 12)
-66
Evaluate -7 + (13 + -2 - 4) + -11 - 36.
-47
Evaluate -23 + (-12 - -28) + -20 + 7 + 6.
-14
Evaluate 14 + 43 - 41 - (-27 + 4 - -7).
32
Calculate 55 - 15 - (-15 + -15) - 24.
46
What is the value of 21 + (-33 + (29 - 119) - (-13 - -10))?
-99
What is the value of (-93 - -8) + -186 + 236?
-35
Evaluate -1 + 4 + (-10 - 34 - -52) + 66.
77
What is (-5 - -4) + (18 - -2) + -20?
-1
Calculate -8 + (11 - -4 - 8) - -33 - (15 - 15).
32
What is -38 - (168 + (-169 - -103))?
-140
Calculate 0 + -10 - (-40 + 37) - (-122 + 173).
-58
(1 - -47) + 4 - 10
42
Calculate (-2 - (-29 + -2 + 14)) + -5.
10
Evaluate -106 + (-11 + 52 + -2 - 6).
-73
Evaluate 1 - 99 - ((-212 - -337) + -139).
-84
Evaluate -6 + 1 + -4 - (3 + -95 + 160).
-77
What is the value of (-4383 - -4329) + (-1 - -47)?
-8
Calculate -303 + 371 + (0 - (-4 - (-4 + -13))).
55
Evaluate (27926 - 27690) + -113 + 0.
123
What is the value of -6 + 11 - (-2 - -6) - (-26 + 2 + 2)?
23
What is the value of 1 + 63 - (12 - -19 - (-38 + 83))?
78
Evaluate 1 + (2 - -1) + (-16 + 25 + 12 - -7).
32
(2 - -29) + (660 - 714)
-23
What is the value of 174 - (145 + 9) - -87?
107
What is (-66 - -86) + (9 - 25) - (-58 + -6)?
68
7 + 20 + (11 - (14 - -3 - -115))
-94
What is the value of -58 + (6 - -63) + 19?
30
What is 1706 + -1790 - (-4 - (-4 + 16 + -1))?
-69
What is 49 - (2 + (32 - (-12 - -42)) + 1 + -12)?
56
What is -1 + 1 - (2 - 37) - (-2755 - -2758)?
32
Calculate (10 + 23 + -16 + -18 - 4) + 140.
135
Evaluate (-4 - -1 - 11) + 33 - -23.
42
What is 35 + 0 - (37 + -40 + -17 + 27)?
28
6 - 2 - (-5 + 69) - (-1066 + 1048)
-42
What is the value of (0 - -62) + -112 + (-25 - -3)?
-72
Evaluate (-20 - -43) + -67 + 47.
3
Calculate 39 - (0 - (29 + -11 + -6)).
51
Calculate (-10 - (81 - 33)) + -1 + 7.
-52
What is (-10 - (-13 - -8)) + (-14 - (9 - 38) - 110)?
-100
Calculate 34 + -12 + -1 + (155 - 185).
-9
21 + -15 - (11 + 32 - -2)
-39
Calculate (10140 - 10152) + (0 - 59).
-71
What is 50 + -1 + -7 + (16 - (-27 + 52))?
33
What is (129 - (200 + -108)) + -1 + -77?
-41
Calculate 0 + 13 + ((4 - (-13 - 1)) + -6 - -19).
44
What is the value of (-1 - (-32 + 29) - (-5 - (-3 - 0))) + 48?
52
Evaluate -28 + -3 - (749 + -798).
18
27 + (30 - 46 - -8) + 35
54
Evaluate -1 + (-2 - -2) + -8520 + 8540 + -43.
-24
What is 6 + -34 + 17 + 23 + (-6 - -29)?
35
What is (3 - (9 - -11)) + 7 + 14?
4
What is the value of -23 + (85 - (25 - -71))?
-34
1863 - 1890 - ((-1 - -3) + -106)
77
Calculate 18 - 0 - ((33 - -50) + -56).
-9
-664 + 690 - ((4 + -8 - -19) + -1)
12
What is -10 - (-14 - -25) - -3?
-18
What is the value of -3 + 1 + -2 - 9 - (-4429 + 4426)?
-10
What is the value of (4 - 51) + (-21 - -94) - 0?
26
7 - -106 - (11 + 92)
10
Evaluate -1 - -2 - 17 - (-15231 + 15219).
-4
Calculate 35 + -35 + -35 + 96 + 1.
62
What is the value of 14 + (-3 + -6 - (-6 + 1)) - -31?
41
Evaluate (5 - -3 - (16 + -17)) + -5 + 1 + 71.
76
Evaluate -2 + 120 + 1 + (-36 - 7) + 36.
112
Calculate 57 + -15 + (-11 - (-24 + -5) - 7).
53
What is 30 + 0 - (-29 + -3 + -2 - -45)?
19
What is the value of 21 + 17 + -35 - (0 + (-61 - 2))?
66
12 - (-7 + -6 - -25) - -6 - -11
17
Calculate -13 - (0 + 12 + (0 - (12 + -9))).
-22
-2 + 2 + 0 + 25 + (-5 + -14 - -25)
31
What is (-41 - -35) + 2 + -1 + (-6 - (-12 + 4))?
-3
What is -48 - (12 + -84 - -33)?
-9
(-98 - -56 - -75) + -79
-46
What is the value of 27 - (222 + -26 - 88)?
-81
What is -6 + 37 + -13 + (-8 - (-1 - 3)) + 5?
19
-3 + 8 + (-44 + 5 - (-12 + 23)) + 7
-38
Evaluate (53 - 41) + -6 + 8 + 13.
27
72 - -4 - ((-36 - -20) + 34)
58
Calculate (-3 - (5 + 4)) + (-681 - -650).
-43
Evaluate -25 + 33 + (-14 - -22) - 8.
8
What is the value of -42 - (-5 - -2 - (156 - 155))?
-38
Evaluate 0 + -15 + (1 - 8 - (2 - (-12 + 13))).
-23
What is -107 + 65 + -72 - -74?
-40
What is 12236 + -12035 + (1 - 85)?
117
What is the value of 25521 + -25546 - (0 + (0 - 1) + 12)?
-36
Calculate 25 + 2 + -12 + -101 - -26.
-60
What is the value of (2 - 98) + 38 + 248 + -274?
-84
What is the value of -93 + 27 + 30 + -74?
-110
What is the value of (48 + -8 + -22 - (-2 - 7)) + 9?
36
What is the value of -14 + 7 + -25 + 3 + 26 + -16?
-19
Calculate 4140 - 4246 - (-1 + -40).
-65
What is the value of (-46 - (-80 + 48)) + -2 + 11?
-5
-8 + (-20 - -25) - (-1 + 20)
-22
Evaluate (-1 - 15) + 5 - (-8 - (5 - 58 - 9)).
-65
Calculate (-9 + 3 + 0 - -7) + (4 - (-23 - -96)).
-68
What is -76 - (-1 + 6 + 12 + -122 + 109)?
-80
58 + 2 + (727 - 745)
42
What is the value of (33 - -33) + -96 + 54?
24
What is the value of -20 - (-34 + 0) - (51 - 4)?
-33
(-55 + 67 + 0 + -10 - 2) + (-1 - -4)
3
(-55 + 67 - (5 - (-2 - -7))) + 93
105
-6 - 1 - (-115 + 44) - (-286 - -301)
49
Evaluate 20 + -31 + 31 + (-1 - 4).
15
What is 6 + (-64 - -1) - (3 - (3 - (0 - 1)))?
-56
What is the value of -9 - (8 - 1 - (13 + -6 + -19 + 4))?
-24
28 + 5 + -31 - (-3 - (2 - (3 + 9)))
-5
What is the value of 12 - -2 - (2 + 0 - -1) - (0 + -40)?
51
What is 12 - (-70 + 77) - (2 - 61)?
64
What is -16 + 81 - 160 - -74?
-21
Evaluate 108 - (-32 - (-125 - -18)).
33
Calculate -4 - (-6 + (8 - (10 - 5) - -6)).
-7
Evaluate -65 + ((18 - (2 - -3)) + -51 + 37 - -6).
-60
What is the value of (1 - 2) + 2 - (172 - (-44 + 180))?
-35
Calculate -43 + 14 + 33 + -7.
-3
21 + -33 + (-4 - 1 - -6) + -99 + 5
-105
Calculate 6 + 51 + (-1 - 0) + (-27 - -3) + 15.
47
-41 - (15 - (-1 - -12) - (7 - -2))
-36
Calculate (1 - (18 - 31)) + -126 - (-31 - -6).
-87
What is the value of -29 - (6 + 113 + -44) - -19?
-85
What is the value of 26 + -34 + 15 + 27 - -7?
41
Evaluate (-21 + 23 + -9 + (2 - 2) - -88) + -5.
76
Evaluate 71 - (-33 - (-237 - -37)).
-96
5 - (-8 - -6 - -1) - (20 + (-1 - -1))
-14
What is the value of (6 - 9 - 114) + 42?
-75
Calculate -1 + -58 + (2 + -20 - (-74 + 45) - 0).
-48
Calculate -21 + (-19 - -42) + 7 + -18.
-9
What is the value of -12 + 3 - (13 + -27 + -1 + -4)?
10
What is -24 + (-200 - -19 - -126)?
-79
Calculate 3895 - 3888 - ((0 - -2) + -1 + -14).
20
What is -38 - (0 - 1 - (7 - (2 + -1) - 12))?
-43
(1 - (23 - 62)) + -16
24
Evaluate (16 - -21) + (26 - 125) + 7.
-55
Evaluate -58 + (98 + -7 - 130).
-97
What is the value of (-5 - 11 - -9) + 10 + 9 + -68 + -5?
-61
Calculate 4 + -1 + 11 + (0 - 0) + (-13 - -19).
20
What is 66 - 0 - (18383 + -18326)?
9
Calculate 8 + 14 + (47 - 73).
-4
What is the value of -77 - (-42 + 37 - 37)?
-35
What is the value of (-70 + 256 - 76) + -75?
35
Evaluate (-4 - 10) + (-23 - -36) - -32.
31
Evaluate -22 + 26 + (134 - 62).
76
Calculate 3 + -21 + 6 - (7 + -32) - 1.
12
Evaluate -13 + 2 + -3 + (17 - -1) + 89.
93
Evaluate 14 - (-17 + (-6 + -8 - -12) + 61).
-28
Evaluate 318 + -268 + (-119 - 21).
-90
Evaluate 4 + (-60 - (-3 - 8)) + (-4 + 9 - -2).
-38
What is 6 + (-39 + 66 - (49 + 3))?
-19
0 - -3 - (-120 + -2) - (112 + -163 + 58)
118
What is the value of -3 - 4 - (-151 + (-62 - -116))?
90
Evaluate -24 + 57 + 141 + -127.
47
What is 18 - ((-44 - -26) + -3 - 11)?
50
-22 - ((36 - 5) + -53)
0
What is -16 + (-4 - -13) + (-20 - (4 + -10) - -10)?
-11
What is 19 + 148 + (-182 - -109)?
94
What is the value of -38 + (-48 - -73) + (104 - -6)?
97
Calculate 4 + 0 + -74 + -1 + -33 + 44 + -13.
-73
Calculate -1 - (-3 - 74) - (-15087 + 15129).
34
What is the value of 32 + 29 + -65 - 37?
-41
13 + (62 - 87) + (-18 + -2 - 3)
-35
51 + 9 + (-35 + 12 - -7)
44
Calculate 69 - (-9 + -28 - -9 - -1).
96
Calculate 1543 - 1553 - (83 - 3).
-90
-513 - -518 - (-15 - 3)
23
What is 27 + (-813 - -793) + 8 + -2 + 2?
15
Evaluate -101 + (-10 + -137 - -120).
-128
What is the value of 45 + 2 + -789 + 705?
-37
What is -7 - (-85 + 20 + 55)?
3
What is 1554 + -1514 - (4 + 22)?
14
Evaluate (-183 - -237 - (-19 - 0)) + 2 + -1 + 2.
76
What is the value of (43 - 66) + 8 + -36 + 5?
-46
What is the value of -7 + 2 + (0 + 8 - (-376 + 370)) + -69?
-60
What is the value of (-56 - -49) + -13 + (-4 - (-5 + -15))?
-4
What is the value of (-5 + -4 - -4 - (-44 - -10)) + 3?
32
Calculate 5 + 11 + -28 + (85 - -31 - (0 + -9)).
113
What is the value of -1 + (217 - (5 + 113))?
98
(23 - ((16 - 1) + -1)) + -36
-27
-60 + (14 - -63) +